f t?
6
Suppose 5*j = -5*d + 1295 + 1945, 4*j = -3*d + 2587. Let b = j + -360. What is the tens digit of b?
8
Let v = -1971 - -3918. What is the thousands digit of v?
1
Let q(m) be the third derivative of 1/12*m**4 + 1/10*m**5 + 0*m**3 + 0*m + 8*m**2 + 0. What is the tens digit of q(-2)?
2
Let m(c) = -c**2 + 17*c + 36. Let k be m(17). Suppose -g - 26 = -2*s - 3*s, -4*g - 19 = -3*s. Let v = k - s. What is the units digit of v?
1
Let x = -8 - 23. Let t = 21 - x. What is the units digit of t?
2
Let j be (-12)/5*(-15)/6. Let v be j*(-2)/3 - -31. Suppose 2*w = 3*t - v, -t - 5*w = -0*w - 9. What is the units digit of t?
9
Let t = -821 - -1613. What is the units digit of t?
2
What is the units digit of 30/6 + 1 + 59?
5
Suppose -207 = -s - 3*o, -5*o = -2*s + 134 + 247. Let c = -11 + s. What is the units digit of c?
7
Suppose -11 = -5*n + 14. Suppose -i + n*u = -83, 2*i - 3*u = -19 + 157. What is the units digit of i?
3
Let j = -255 + 447. Suppose 0*o - 189 = -2*o + 3*k, 2*k = 2*o - j. What is the tens digit of o?
9
Suppose 0 = 6*q - 2*q - 604. What is the hundreds digit of q?
1
Suppose 2*w - 2*j - 12 = 0, 0*w + 4*w + 4*j = -16. Let g(y) = -y - 5 - w - y + 0*y. What is the units digit of g(-7)?
8
Let d be -20*(-1 - 1/(-2)). Let s = 14 + d. Suppose g - s = 14. What is the units digit of g?
8
Let d(g) = g**3 + 7*g**2 + 5*g - 7. Let n be d(-5). Let l be (-24)/(-9)*n/12. Suppose 4*r - 135 = -3*a, -l*a - 2*r = r - 173. What is the units digit of a?
1
What is the hundreds digit of (-2)/14 + (-3690)/(-7)?
5
What is the units digit of (-48522)/(-24) + 12/(-16)?
1
Let i(r) be the third derivative of -r**6/120 - r**5/6 - r**4/2 - 13*r**3/6 - 3*r**2. Let h be i(-9). Suppose -o + 22 = -h. What is the units digit of o?
6
Suppose -3*x + 531 = 6*x. Let r = x + 15. What is the tens digit of r?
7
Suppose -7*o - 3270 = -14323. What is the hundreds digit of o?
5
Suppose -2*j + 90 = j. Let f = -24 + j. What is the tens digit of 86/f + (-2)/6?
1
Let o(k) = -k + 11. Let a be o(4). Suppose 0 = y + 3*l - 27, -a*l + 23 = y - 3*l. What is the units digit of y?
9
Let q be (20 + -21)/(1/(-13)). Suppose -q*s = -11*s - 134. What is the units digit of s?
7
Let y = 1715 - 2641. What is the units digit of y/(-11) + (-1)/22*4?
4
Suppose -11*l + 31287 + 8874 = 0. What is the tens digit of l?
5
Let c = -27 - -32. Suppose -3*u = -3*t + 16 + 5, -c*t + 26 = -2*u. Suppose 0*k - 5*g = 3*k - 136, -t*k + 158 = -5*g. What is the tens digit of k?
4
Let x(m) = 27*m - 10. Let y(z) = 13*z - 5. Let l(d) = 2*x(d) - 5*y(d). Suppose 2*o + 11 = 5*n, 4*n - 6*n + 11 = -3*o. What is the units digit of l(o)?
8
Suppose 428 = -3*v + 2*c, -3*v = v + 2*c + 580. Let o = -83 - v. What is the tens digit of o?
6
Suppose 5*j = -3*l + 370, -5*j + l + 390 = -0*l. What is the units digit of j?
7
Suppose 3*m - 388 - 2673 = -i, i - 4*m - 3026 = 0. What is the units digit of i?
6
Let v = -1550 + 2142. What is the hundreds digit of v?
5
What is the units digit of (-24)/(40/(-5))*2/1?
6
Let t = 191 + -141. Let l = -2 + -19. Let m = l + t. What is the units digit of m?
9
Suppose 3*q - 37 - 57 = -2*o, 5*o = 5*q - 190. Let p = -48 - -31. Let j = p + q. What is the units digit of j?
7
Suppose 10*p + 104 = -6. Let d(m) = m**2 + 11*m + 5. What is the units digit of d(p)?
5
Let g = 4378 + -2409. What is the units digit of g?
9
Suppose -4*z - 2*j + 73 = 21, -3*z - 3*j + 33 = 0. Suppose 0 = 2*k - 7 + z. What is the tens digit of -2 + (-160)/k - 0?
3
Let y(a) = a**3 - 7*a**2 + 3*a + 6. Let l = -36 + 21. Let j = -8 - l. What is the units digit of y(j)?
7
What is the units digit of 684*4/6 - -4?
0
Let b(a) = -a**3 + 16*a**2 + 39*a - 22. Suppose 2*q + 3 = 2*y + 45, 0 = q - 3*y - 27. What is the tens digit of b(q)?
3
Let z = 5285 - 2329. What is the tens digit of z?
5
Let t(y) = y**3 - y**2 + y + 7. Let z be t(0). Suppose -2*w = w - 4*q - 55, -5*q - z = w. What is the units digit of w?
3
Let f(c) = -390*c - 15. What is the units digit of f(-6)?
5
Let g be ((-122)/(-6))/(1/3). Suppose -37 = -5*d + 18. Suppose 4*a = g + d. What is the tens digit of a?
1
Let o(t) = 13*t**3 + t. Let k be o(-1). Let i be ((-7)/k)/((-1)/54). Let b = -3 - i. What is the tens digit of b?
2
Suppose 4*n + 6 = 54. Suppose -4*p - 2*p + n = 0. Suppose 0 = -p*q + 83 + 27. What is the units digit of q?
5
Let z(m) = -3*m - 67 - 5*m**2 + 128 + 2*m**3 - 64. Suppose -s + 5 - 1 = 0. What is the tens digit of z(s)?
3
Let n(j) be the first derivative of -53*j**4/4 + 2*j**3/3 - j**2/2 - 4. Let l be n(1). What is the units digit of l*(-1)/(-4)*-2?
6
Let v = -9 + 11. Suppose -v*x = 2*x. Suppose -7*l + 124 = -2*l + 4*w, x = l + w - 25. What is the units digit of l?
4
Let b = -29 + 32. Suppose 3*r - 116 = 4*p, b*p = 5*r - 2*p - 195. What is the tens digit of r?
4
Suppose 2*t = -v + 66, -6*t + 8*t - 126 = -2*v. What is the units digit of v?
0
Let l be 5/(-15) - 238/(-3). Let q = 152 - l. What is the tens digit of q?
7
Let w = -16 + 43. Let k = 28 - w. What is the tens digit of 54/3 - (k + 0)?
1
Let a = 32 - 48. What is the tens digit of 141 + -2 + (a/(-4))/(-4)?
3
Suppose -5*t - 2*f = 9, -2*f = 4*t - 0*f + 6. Let a = 2 - 3. What is the units digit of (3/a)/(-4 - t)?
3
Suppose f = 5*p + 11, 3*p + 4*f + 25 = -0*f. Let o(m) = m**3 + 4*m**2 + m - 5. Let u be o(p). What is the units digit of u/3 - 60/(-9)?
7
Suppose 1 = -4*q - 2*u - 3, -q = 4*u + 1. Let z(v) = -150*v + 2. Let t be z(q). Suppose -h + 4*h - 12 = 0, 5*h - t = -4*o. What is the tens digit of o?
3
Suppose -4*z + 252 = -2*a, -5*a = -3*z - 4*a + 188. Suppose -4*c - z + 306 = 0. What is the units digit of c?
1
Let s(b) be the second derivative of 3*b**4/4 + b**2 + b. What is the tens digit of s(-2)?
3
Let y = 30 + 28. Let c = 82 - y. What is the tens digit of c?
2
Suppose -5*r + 20 = -2*u, 4*u - 3*u + r = 4. Let k(z) = 3*z - 12. Let y be k(6). Suppose -w - 4*v = -29, u = -0*w - w + 3*v - y. What is the units digit of w?
9
Suppose -4*m = 4*f - 64, m - 54 = -3*f - 0*f. Let l(p) = -f + 6 + 8*p + 6. What is the tens digit of l(3)?
1
Let m(u) = -4*u - 10. Let f(n) = 3*n**3 - 2*n**2 - n + 1. Let c be f(2). Let a = 8 - c. What is the units digit of m(a)?
8
What is the units digit of 8318/(-6)*(-39 - -36)?
9
Let i(y) = 179*y**3 - 8*y**2 - 11*y - 8. Let b(c) = -119*c**3 + 5*c**2 + 7*c + 5. Let t(h) = 8*b(h) + 5*i(h). What is the tens digit of t(-1)?
5
Let c be 1/2 - (-63)/14. Suppose c*a + 0*a = 270. Let m = 78 - a. What is the units digit of m?
4
Let c be 4 - (2 + -2)*1. Suppose -r + c = r. What is the units digit of r?
2
Suppose -637 + 573 = -k. What is the tens digit of k?
6
Suppose -3*w = -6*w + 90. Let r be 6/8 - w/8. What is the units digit of -3 - (33 - -3)/r?
9
Suppose -b + 20 = 5*o, 2*b = -6*o + 9*o - 12. Suppose -198 = -5*z + 3*j, 4*z + 4*j - 26 - 158 = b. What is the tens digit of z?
4
Suppose 5*w - 2 = -4*n + 12, 6 = -w - 3*n. What is the units digit of (-17 + w + -3)*-12?
8
Suppose -5*u + 13 + 9 = -o, -5*u = 4*o - 12. Let g be -38 - (o + 3)*-2. Let n = 66 + g. What is the tens digit of n?
3
Suppose 66*y = 146289 + 35409. What is the tens digit of y?
5
Let m = -279 + 597. What is the hundreds digit of m?
3
Let v = -10 + 13. What is the tens digit of 205/v - (-2)/3?
6
Suppose -4*t - 12*j + 10*j = -1226, 4*j = 4*t - 1244. What is the tens digit of t?
0
Let a(q) = 7*q**2 - 4*q - 2. Let r be a(-3). Let d = 30 - r. Let v = -24 - d. What is the tens digit of v?
1
Let b(t) = -t**3 + 7*t**2 - 4*t - 8. Let y be b(6). Suppose 29 = s - y*k, -2*k + 14 - 71 = -3*s. What is the units digit of s?
7
Suppose 0 = -j - u + 341, -5*j + 2*j + u = -1019. What is the hundreds digit of j?
3
Let y(w) = -24*w - w**3 + 7*w - 43 + 18*w**2 - 4*w**2 + 31. What is the tens digit of y(12)?
7
What is the hundreds digit of (1072/(-10))/((-22)/55)?
2
Let b = -16 + 14. Let h = -8 - b. Let i = 25 + h. What is the tens digit of i?
1
Let b(n) = 3*n - 2. Let t = -2 - -3. Let d be b(t). Suppose -l = d - 3. What is the units digit of l?
2
Suppose 3*m - 5*j = 9676, 3*j - 2787 = -4*m + 10095. What is the hundreds digit of m?
2
Suppose 4*f = -f + 4*w + 1826, -3*f + 4*w = -1102. What is the hundreds digit of f?
3
Let u(g) = g**2 - 5*g - 4. Let c be u(6). Suppose -2*l = 2*a + 136, 5*l + 64 = a - c*a. Let r = a + 114. What is the units digit of r?
5
Let d(w) = -3*w - 2